11*o - 17*o + 19*o**2. Let p be u(-4). Suppose -227 = -4*y - w + 37, 5*w - p = -4*y. What is the units digit of y?
5
Suppose -3*i - 4*o = -3*o - 11, 4*o - 22 = -i. Suppose 0 = 5*j, -72 = -2*v + 4*j + 30. Suppose -v = -r - i*r. What is the tens digit of r?
1
Suppose -5*u + 3960 = -s, 12*u - 3935 = 7*u - 4*s. What is the hundreds digit of u?
7
Suppose u - 6*u + 3*d - 20 = 0, 5*u + 3*d - 10 = 0. Let m be u - (0 + 18)/(-3). Suppose -3*h + 3*k + 81 = -0*h, 3*k + 131 = m*h. What is the tens digit of h?
2
Let a = 1585 + -488. What is the thousands digit of a?
1
Let x(d) = 2*d**3 + 2*d**2 + 3*d - 22. Let l be x(-6). Let k = 666 + l. What is the tens digit of k?
6
Suppose 5*w - 39 = -109. Let c = w - -18. Let m(f) = -f**2 + 9*f - 5. What is the tens digit of m(c)?
1
Suppose 123*s - 131*s + 2344 = 0. What is the hundreds digit of s?
2
Let b = -6 - -9. Suppose f - b = 2*f. What is the units digit of 13/(3*f/(-9))?
3
Suppose -201 = -3*j - 3*b, j + 5*b - 45 - 42 = 0. Let n = -50 + 52. Suppose -44 = 2*o - 4*o + n*l, -3*o + 5*l + j = 0. What is the units digit of o?
4
Let r(p) = -866*p - 2. What is the units digit of r(-2)?
0
What is the units digit of (-792)/(-54)*9/6?
2
Let y = 37 + -35. Suppose -81 = -y*m - 33. What is the tens digit of m?
2
Let t(r) be the third derivative of 0*r + 0 - r**3 + 1/4*r**4 - 5*r**2. What is the tens digit of t(6)?
3
Let y be ((-6)/(-8))/(6/16). Suppose y*j - 104 = 3*v, -j + 2*v - 5*v = -34. What is the tens digit of j?
4
Let y(c) = -3*c**2 + 2*c + 1. Let x be y(-1). Let z = x - -2. Let v(o) = -22*o - 3. What is the units digit of v(z)?
1
Suppose 2*j - 2*z - 248 = 0, 5*j + 2*z = -z + 612. Suppose -52 = 5*f + j. What is the tens digit of (-511)/f - 6/10?
1
Let y(o) be the first derivative of o**6/360 + o**5/20 + o**4/24 + 2*o**3/3 + 5. Let w(t) be the third derivative of y(t). What is the units digit of w(-7)?
8
Let z be 155/(-2)*((-1152)/(-30))/(-12). Suppose z + 202 = 2*a. What is the units digit of a?
5
Suppose -8*r - 30 = -18*r. Suppose 0 = 6*p - r*p - 132. What is the tens digit of p?
4
Let p(j) = 27*j**2 - 6*j - 13. What is the units digit of p(-4)?
3
Let u = 6 - 10. Let o(g) = 3*g**2 + 3*g + 3. Let t(h) = h**2 + h + 1. Let a(n) = -3*o(n) + 12*t(n). What is the tens digit of a(u)?
3
Suppose -4*l = -5*o - 28, 2*o + 12 + 16 = -4*l. Let n = -33 + 68. Let i = n + o. What is the tens digit of i?
2
Let i(t) = -t**2. Let g be i(-3). Let x(q) = 11*q + 7. Let k(m) = 6*m + 3. Let h(u) = g*k(u) + 4*x(u). What is the tens digit of h(-4)?
4
Let z be 32/6*(-63)/14. What is the units digit of (4/6)/(z/(-2052))?
7
Let k(l) = l**2 - 16*l + 4. Let i be k(16). Suppose -i*r - 510 = 1314. What is the units digit of 5/(-2)*r/20?
7
What is the hundreds digit of (4/8)/(6441/(-2148) + 3)?
3
Suppose 3*b = 8*b - 2*y - 726, 3*b - 5*y = 447. What is the tens digit of b?
4
Let k = 98 - -2386. What is the hundreds digit of k?
4
Let w(k) = k - 5. Let l(j) = -j + 4. Let h(t) = 5*l(t) + 4*w(t). Let r be h(-2). Suppose 0 = -r*a + 4*a - 20. What is the tens digit of a?
1
Let b(j) be the third derivative of 5*j**4/12 + j**3/2 - j**2. Suppose 3*m + 23 = 26. What is the units digit of b(m)?
3
Suppose -4*v + c - 2*c + 41 = 0, 6 = -2*c. Let r(g) = 27*g + 16. What is the hundreds digit of r(v)?
3
Let x = 2409 + -783. What is the thousands digit of x?
1
What is the units digit of 1262/3*18/12?
1
Let w(m) = -6*m**3 - m**2 + 1. Let g be w(-1). Let f(q) = -q**3 + 7*q**2 + 11*q - 16. What is the units digit of f(g)?
6
What is the tens digit of 187/2*1*(7 - -5)?
2
Let a = 1377 + -427. What is the units digit of a?
0
Let c = 730 - 184. What is the tens digit of c?
4
Suppose 4*i + d - 34 = 3*d, 2*i + 5*d + 13 = 0. Suppose 2*j = 2*b + 296, -4*b = -9*j + i*j + 449. What is the hundreds digit of j?
1
Let d = 6 - 8. What is the tens digit of (d + -26)*(-20)/14?
4
Suppose 2*a = -6*a. Suppose a = -9*c + 5*c + 468. What is the units digit of c?
7
Let h(z) = -z**2 + 5*z + 2. Let q be h(4). What is the tens digit of 3 + q*(-104)/(-12)?
5
Let w = 1407 - 802. What is the units digit of w?
5
Suppose -f - 1 = -3. Suppose f*j - 4*j + 8 = 0. Suppose 3 - 1 = p - i, -22 = -p - j*i. What is the units digit of p?
6
Suppose 2*t + 37 = 5*p - 2*t, p + 4*t + 7 = 0. Suppose -52 + 197 = p*y. What is the tens digit of y?
2
Let o = 34 - 67. Let t = 62 + o. What is the units digit of t?
9
Let u be 2 - 3/3 - 5. What is the units digit of (-74)/u - (-7)/14?
9
Let g(t) = t**3 - 3*t**2 - 4*t - 7. Let a be g(5). Suppose -4*f + 3*j = -a, 2*j = -2*f + 5*j + 19. What is the units digit of 6/12*(4 + f)?
3
Suppose -84796 = -58*p + 81084. What is the tens digit of p?
6
Let p(i) = -20*i**3 - i**2 - i - 1. Let g = -14 - -23. Let a = g - 10. What is the tens digit of p(a)?
1
Let s = 673 - -292. What is the tens digit of s?
6
Let l(c) = -3*c**3 - 6*c**2 + 6*c - 3. Let o be l(-5). Suppose 2*q + v = 5*q - 112, 5*q = -v + o. What is the units digit of q?
8
Let l(x) = -x**2 + 28*x - 32. Let b be l(25). Suppose -2*o + 53 = 4*f - 251, 4*f + 5*o - 310 = 0. Let p = f - b. What is the tens digit of p?
3
Let l(y) = y**3 + 2*y**2 - 2*y - 2. Suppose 8 = 5*u - u. Suppose 12 = -4*z + 4*c, -c - 7 = 5*z + u. What is the units digit of l(z)?
2
Let n(z) = z**2 + 5*z - 12. Let j be n(6). Let d = 166 - j. Suppose -3*w = -w - d. What is the units digit of w?
6
Suppose 5*y - 4 = -4*o + y, -2*y = -5*o - 2. Let r = -19 + 22. Suppose o = r*u - 4*u + 10. What is the units digit of u?
0
Let r(s) = -s**2 + 11*s + 6. Let b be r(11). Let h(n) = -237*n + 6. Let p be h(b). What is the units digit of 4/(-26) + p/(-78)?
8
What is the tens digit of -3*8/(-64) - (-19287)/24?
0
Let u be 5/(-10)*(1 + -5). Suppose -5*d - u*l = 5, -4*d + 3*d + 26 = -5*l. What is the units digit of (-46 + d)*(-2 - -1)?
5
Let z = 641 + -380. Suppose -2*q - 4*v = 3*q - z, -v = 1. What is the units digit of q?
3
Suppose 921 = 3*w + 2*x + 2*x, 0 = -2*w - 2*x + 614. What is the hundreds digit of w?
3
Let g be (2/(-6)*0)/(-2) + -2. What is the tens digit of 501*2/10 - g/(-10)?
0
Suppose -u = -4*b + 2195 + 109, 3*u = 5*b - 2873. What is the hundreds digit of b?
5
Let s = -9 - -5. Suppose -83 = 4*k - l, 0 = -2*k - 5*l - 16 - 9. What is the units digit of s/k*-2*-30?
2
Suppose 0 = -3*r + h + 127, 0 = -2*r - 2*h + 33 + 49. What is the tens digit of r?
4
Let u(m) = 11*m**2 + 30*m - 7. What is the tens digit of u(-8)?
5
Let z be 3 + (-81)/3*40/(-12). What is the units digit of (-2)/(-6 + 4)*2*z?
6
Suppose 0 = 4*o - c - 385, 2*o = 4*c + 112 + 98. What is the units digit of o?
5
Let y(x) = x + 323. Let i be y(0). Let d = i + -225. What is the tens digit of d?
9
Suppose 3*r - 9*r - 2118 = 0. Let l = -251 - r. What is the hundreds digit of l?
1
Suppose 5*t - 3*m - 1802 = 0, m = 6*m - 5. What is the hundreds digit of t?
3
Let d(a) be the first derivative of -7*a**2/2 + 9*a - 24. What is the units digit of d(-6)?
1
Let h be -2*(-2)/(-4) + 188. Let r = h + 65. What is the hundreds digit of r?
2
What is the tens digit of (2 + 5)/((1/(-1))/(-55))?
8
Let w = 40 + -37. Suppose 0 = -4*k + 5*f - 171 + 606, k = -w*f + 96. What is the tens digit of k?
0
Suppose 8*o - 4 = 6*o. What is the tens digit of 206/10 + o/5?
2
Let g(p) = -14*p - 22. Let l be g(-6). Suppose 3*b = 4*b + 43. Let u = l + b. What is the tens digit of u?
1
What is the hundreds digit of 0 + 1 + 225 + 5?
2
Suppose 900 = -28*a + 24*a. What is the units digit of -1 - (a + (0 - 4))?
8
Suppose -7*w + 2*w - 49 = 2*a, 20 = -4*w. Let i = a + 17. Suppose v = -v + 5*j + 63, i*v - 5*j - 120 = 0. What is the tens digit of v?
1
Suppose -f = 3*f + 3*k + 29, 3*f - 4*k + 3 = 0. What is the tens digit of 2*f/(-10)*69?
6
Let j(z) = z**2 + z - 1. Let k(h) = -h**2 + 3*h - 1. Let y(g) = -2*j(g) - k(g). Let x be y(-5). Suppose x*q - 12 - 111 = 0. What is the units digit of q?
1
What is the tens digit of 10/15 - (-17740)/30?
9
Let y = 18 - -22. Suppose 0 = -2*w - 5*a + 20, -y + 13 = -5*w - a. Suppose 0 = -q + 2*i + 31, w*q + 68 - 247 = -2*i. What is the tens digit of q?
3
Suppose 0 = 7*h - 10*h - 6, 0 = 4*i - 2*h + 28. What is the units digit of (i/(-6))/(-1*(-5)/30)?
8
Suppose -32*h + 17367 = -5641. What is the hundreds digit of h?
7
Suppose -2*r + 4*n = -316, 572 = 5*r - 5*n - 213. What is the tens digit of r?
5
Let p = -1885 - -3722. What is th